{"id":37,"date":"2024-10-10T18:46:50","date_gmt":"2024-10-10T18:46:50","guid":{"rendered":"https:\/\/katircihukuk.av.tr\/?page_id=37"},"modified":"2024-11-05T18:41:19","modified_gmt":"2024-11-05T18:41:19","slug":"hakkimizda","status":"publish","type":"page","link":"https:\/\/katircihukuk.av.tr\/?page_id=37","title":{"rendered":"HAKKIMIZDA"},"content":{"rendered":"\n<div class=\"wp-block-media-text is-stacked-on-mobile\"><figure class=\"wp-block-media-text__media\"><\/figure><div class=\"wp-block-media-text__content\">\n<p><\/p>\n<\/div><\/div>\n\n\n\n<div class=\"wp-block-cover alignfull is-light\" style=\"min-height:430px;aspect-ratio:unset;\"><span aria-hidden=\"true\" class=\"wp-block-cover__background has-base-background-color has-background-dim-100 has-background-dim\"><\/span><div class=\"wp-block-cover__inner-container has-global-padding is-layout-constrained wp-block-cover-is-layout-constrained\">\n<p class=\"has-text-align-center has-large-font-size\"><\/p>\n\n\n\n<figure class=\"wp-block-image aligncenter size-full\"><img loading=\"lazy\" decoding=\"async\" width=\"781\" height=\"781\" src=\"https:\/\/katircihukuk.av.tr\/wp-content\/uploads\/2024\/10\/KATIRCI-HUKUK-DANISMANLIK-1.png\" alt=\"\" class=\"wp-image-49\" srcset=\"https:\/\/katircihukuk.av.tr\/wp-content\/uploads\/2024\/10\/KATIRCI-HUKUK-DANISMANLIK-1.png 781w, https:\/\/katircihukuk.av.tr\/wp-content\/uploads\/2024\/10\/KATIRCI-HUKUK-DANISMANLIK-1-300x300.png 300w, https:\/\/katircihukuk.av.tr\/wp-content\/uploads\/2024\/10\/KATIRCI-HUKUK-DANISMANLIK-1-150x150.png 150w, https:\/\/katircihukuk.av.tr\/wp-content\/uploads\/2024\/10\/KATIRCI-HUKUK-DANISMANLIK-1-768x768.png 768w\" sizes=\"auto, (max-width: 781px) 100vw, 781px\" \/><\/figure>\n<\/div><\/div>\n\n\n\n<ul class=\"wp-block-list\">\n<li><strong>Avukat Kutlay Kaan KATIRCI taraf\u0131ndan Mersin&#8217;de kurulan Kat\u0131rc\u0131 Hukuk B\u00fcrosu, avukatl\u0131k ve hukuki dan\u0131\u015fmanl\u0131k hizmeti vermekte olup, m\u00fcvekkil ve dan\u0131\u015fanlar\u0131n\u0131n ihtiya\u00e7 duyduklar\u0131 hukuki deste\u011fin nitelikli \u015fekilde temini ile sorunlar\u0131n\u0131n \u00e7\u00f6z\u00fcmlenmesini ama\u00e7lamaktad\u0131r.<\/strong><\/li>\n<\/ul>\n\n\n\n<ul class=\"wp-block-list\">\n<li><strong> Avukat Kutlay Kaan KATIRCI , kurdu\u011fu hukuk b\u00fcrosu ile Ceza Hukuku, \u0130cra ve \u0130flas Hukuku, \u0130\u015f ve Sosyal G\u00fcvenlik Hukuku, Aile Hukuku, Miras Hukuku, Ticaret Hukuku, S\u00f6zle\u015fmeler Hukuku, T\u00fcketici Hukuku ba\u015fta olmak \u00fczere bir\u00e7ok hukuk alan\u0131nda Mersin ili merkezli olmak \u00fczere \u00fclke genelinde avukatl\u0131k ve dan\u0131\u015fmanl\u0131k faaliyeti y\u00fcr\u00fctmektedir.<\/strong><\/li>\n<\/ul>\n\n\n\n<p><\/p>\n","protected":false},"excerpt":{"rendered":"","protected":false},"author":2,"featured_media":0,"parent":0,"menu_order":0,"comment_status":"closed","ping_status":"closed","template":"","meta":{"footnotes":""},"class_list":["post-37","page","type-page","status-publish","hentry"],"yoast_head":"<!-- This site is optimized with the Yoast SEO plugin v27.2 - https:\/\/yoast.com\/product\/yoast-seo-wordpress\/ -->\n<title>HAKKIMIZDA - KATIRCI HUKUK &amp; DANI\u015eMANLIK<\/title>\n<meta name=\"robots\" content=\"index, follow, max-snippet:-1, max-image-preview:large, max-video-preview:-1\" \/>\n<link rel=\"canonical\" href=\"https:\/\/katircihukuk.av.tr\/?page_id=37\" \/>\n<meta property=\"og:locale\" content=\"tr_TR\" \/>\n<meta property=\"og:type\" content=\"article\" \/>\n<meta property=\"og:title\" content=\"HAKKIMIZDA - KATIRCI HUKUK &amp; DANI\u015eMANLIK\" \/>\n<meta property=\"og:url\" content=\"https:\/\/katircihukuk.av.tr\/?page_id=37\" \/>\n<meta property=\"og:site_name\" content=\"KATIRCI HUKUK &amp; DANI\u015eMANLIK\" \/>\n<meta property=\"article:modified_time\" content=\"2024-11-05T18:41:19+00:00\" \/>\n<meta property=\"og:image\" content=\"https:\/\/katircihukuk.av.tr\/wp-content\/uploads\/2024\/10\/KATIRCI-HUKUK-DANISMANLIK-1.png\" \/>\n\t<meta property=\"og:image:width\" content=\"781\" \/>\n\t<meta property=\"og:image:height\" content=\"781\" \/>\n\t<meta property=\"og:image:type\" content=\"image\/png\" \/>\n<meta name=\"twitter:card\" content=\"summary_large_image\" \/>\n<meta name=\"twitter:label1\" content=\"Tahmini okuma s\u00fcresi\" \/>\n\t<meta name=\"twitter:data1\" content=\"1 dakika\" \/>\n<script type=\"application\/ld+json\" class=\"yoast-schema-graph\">{\"@context\":\"https:\/\/schema.org\",\"@graph\":[{\"@type\":\"WebPage\",\"@id\":\"https:\/\/katircihukuk.av.tr\/?page_id=37\",\"url\":\"https:\/\/katircihukuk.av.tr\/?page_id=37\",\"name\":\"HAKKIMIZDA - KATIRCI HUKUK &amp; DANI\u015eMANLIK\",\"isPartOf\":{\"@id\":\"https:\/\/katircihukuk.av.tr\/#website\"},\"primaryImageOfPage\":{\"@id\":\"https:\/\/katircihukuk.av.tr\/?page_id=37#primaryimage\"},\"image\":{\"@id\":\"https:\/\/katircihukuk.av.tr\/?page_id=37#primaryimage\"},\"thumbnailUrl\":\"https:\/\/katircihukuk.av.tr\/wp-content\/uploads\/2024\/10\/KATIRCI-HUKUK-DANISMANLIK-1.png\",\"datePublished\":\"2024-10-10T18:46:50+00:00\",\"dateModified\":\"2024-11-05T18:41:19+00:00\",\"breadcrumb\":{\"@id\":\"https:\/\/katircihukuk.av.tr\/?page_id=37#breadcrumb\"},\"inLanguage\":\"tr\",\"potentialAction\":[{\"@type\":\"ReadAction\",\"target\":[\"https:\/\/katircihukuk.av.tr\/?page_id=37\"]}]},{\"@type\":\"ImageObject\",\"inLanguage\":\"tr\",\"@id\":\"https:\/\/katircihukuk.av.tr\/?page_id=37#primaryimage\",\"url\":\"https:\/\/katircihukuk.av.tr\/wp-content\/uploads\/2024\/10\/KATIRCI-HUKUK-DANISMANLIK-1.png\",\"contentUrl\":\"https:\/\/katircihukuk.av.tr\/wp-content\/uploads\/2024\/10\/KATIRCI-HUKUK-DANISMANLIK-1.png\",\"width\":781,\"height\":781},{\"@type\":\"BreadcrumbList\",\"@id\":\"https:\/\/katircihukuk.av.tr\/?page_id=37#breadcrumb\",\"itemListElement\":[{\"@type\":\"ListItem\",\"position\":1,\"name\":\"Anasayfa\",\"item\":\"https:\/\/katircihukuk.av.tr\/\"},{\"@type\":\"ListItem\",\"position\":2,\"name\":\"HAKKIMIZDA\"}]},{\"@type\":\"WebSite\",\"@id\":\"https:\/\/katircihukuk.av.tr\/#website\",\"url\":\"https:\/\/katircihukuk.av.tr\/\",\"name\":\"KATIRCI HUKUK &amp; DANI\u015eMANLIK\",\"description\":\"\",\"publisher\":{\"@id\":\"https:\/\/katircihukuk.av.tr\/#organization\"},\"potentialAction\":[{\"@type\":\"SearchAction\",\"target\":{\"@type\":\"EntryPoint\",\"urlTemplate\":\"https:\/\/katircihukuk.av.tr\/?s={search_term_string}\"},\"query-input\":{\"@type\":\"PropertyValueSpecification\",\"valueRequired\":true,\"valueName\":\"search_term_string\"}}],\"inLanguage\":\"tr\"},{\"@type\":\"Organization\",\"@id\":\"https:\/\/katircihukuk.av.tr\/#organization\",\"name\":\"KATIRCI HUKUK &amp; DANI\u015eMANLIK\",\"url\":\"https:\/\/katircihukuk.av.tr\/\",\"logo\":{\"@type\":\"ImageObject\",\"inLanguage\":\"tr\",\"@id\":\"https:\/\/katircihukuk.av.tr\/#\/schema\/logo\/image\/\",\"url\":\"https:\/\/katircihukuk.av.tr\/wp-content\/uploads\/2024\/09\/KATIRCI-HUKUK-DANISMANLIK-1-6.png\",\"contentUrl\":\"https:\/\/katircihukuk.av.tr\/wp-content\/uploads\/2024\/09\/KATIRCI-HUKUK-DANISMANLIK-1-6.png\",\"width\":781,\"height\":781,\"caption\":\" KATIRCI HUKUK &amp; DANI\u015eMANLIK\"},\"image\":{\"@id\":\"https:\/\/katircihukuk.av.tr\/#\/schema\/logo\/image\/\"}}]}<\/script>\n<!-- \/ Yoast SEO plugin. -->","yoast_head_json":{"title":"HAKKIMIZDA - KATIRCI HUKUK &amp; DANI\u015eMANLIK","robots":{"index":"index","follow":"follow","max-snippet":"max-snippet:-1","max-image-preview":"max-image-preview:large","max-video-preview":"max-video-preview:-1"},"canonical":"https:\/\/katircihukuk.av.tr\/?page_id=37","og_locale":"tr_TR","og_type":"article","og_title":"HAKKIMIZDA - KATIRCI HUKUK &amp; DANI\u015eMANLIK","og_url":"https:\/\/katircihukuk.av.tr\/?page_id=37","og_site_name":"KATIRCI HUKUK &amp; DANI\u015eMANLIK","article_modified_time":"2024-11-05T18:41:19+00:00","og_image":[{"width":781,"height":781,"url":"https:\/\/katircihukuk.av.tr\/wp-content\/uploads\/2024\/10\/KATIRCI-HUKUK-DANISMANLIK-1.png","type":"image\/png"}],"twitter_card":"summary_large_image","twitter_misc":{"Tahmini okuma s\u00fcresi":"1 dakika"},"schema":{"@context":"https:\/\/schema.org","@graph":[{"@type":"WebPage","@id":"https:\/\/katircihukuk.av.tr\/?page_id=37","url":"https:\/\/katircihukuk.av.tr\/?page_id=37","name":"HAKKIMIZDA - KATIRCI HUKUK &amp; DANI\u015eMANLIK","isPartOf":{"@id":"https:\/\/katircihukuk.av.tr\/#website"},"primaryImageOfPage":{"@id":"https:\/\/katircihukuk.av.tr\/?page_id=37#primaryimage"},"image":{"@id":"https:\/\/katircihukuk.av.tr\/?page_id=37#primaryimage"},"thumbnailUrl":"https:\/\/katircihukuk.av.tr\/wp-content\/uploads\/2024\/10\/KATIRCI-HUKUK-DANISMANLIK-1.png","datePublished":"2024-10-10T18:46:50+00:00","dateModified":"2024-11-05T18:41:19+00:00","breadcrumb":{"@id":"https:\/\/katircihukuk.av.tr\/?page_id=37#breadcrumb"},"inLanguage":"tr","potentialAction":[{"@type":"ReadAction","target":["https:\/\/katircihukuk.av.tr\/?page_id=37"]}]},{"@type":"ImageObject","inLanguage":"tr","@id":"https:\/\/katircihukuk.av.tr\/?page_id=37#primaryimage","url":"https:\/\/katircihukuk.av.tr\/wp-content\/uploads\/2024\/10\/KATIRCI-HUKUK-DANISMANLIK-1.png","contentUrl":"https:\/\/katircihukuk.av.tr\/wp-content\/uploads\/2024\/10\/KATIRCI-HUKUK-DANISMANLIK-1.png","width":781,"height":781},{"@type":"BreadcrumbList","@id":"https:\/\/katircihukuk.av.tr\/?page_id=37#breadcrumb","itemListElement":[{"@type":"ListItem","position":1,"name":"Anasayfa","item":"https:\/\/katircihukuk.av.tr\/"},{"@type":"ListItem","position":2,"name":"HAKKIMIZDA"}]},{"@type":"WebSite","@id":"https:\/\/katircihukuk.av.tr\/#website","url":"https:\/\/katircihukuk.av.tr\/","name":"KATIRCI HUKUK &amp; DANI\u015eMANLIK","description":"","publisher":{"@id":"https:\/\/katircihukuk.av.tr\/#organization"},"potentialAction":[{"@type":"SearchAction","target":{"@type":"EntryPoint","urlTemplate":"https:\/\/katircihukuk.av.tr\/?s={search_term_string}"},"query-input":{"@type":"PropertyValueSpecification","valueRequired":true,"valueName":"search_term_string"}}],"inLanguage":"tr"},{"@type":"Organization","@id":"https:\/\/katircihukuk.av.tr\/#organization","name":"KATIRCI HUKUK &amp; DANI\u015eMANLIK","url":"https:\/\/katircihukuk.av.tr\/","logo":{"@type":"ImageObject","inLanguage":"tr","@id":"https:\/\/katircihukuk.av.tr\/#\/schema\/logo\/image\/","url":"https:\/\/katircihukuk.av.tr\/wp-content\/uploads\/2024\/09\/KATIRCI-HUKUK-DANISMANLIK-1-6.png","contentUrl":"https:\/\/katircihukuk.av.tr\/wp-content\/uploads\/2024\/09\/KATIRCI-HUKUK-DANISMANLIK-1-6.png","width":781,"height":781,"caption":" KATIRCI HUKUK &amp; DANI\u015eMANLIK"},"image":{"@id":"https:\/\/katircihukuk.av.tr\/#\/schema\/logo\/image\/"}}]}},"_links":{"self":[{"href":"https:\/\/katircihukuk.av.tr\/index.php?rest_route=\/wp\/v2\/pages\/37","targetHints":{"allow":["GET"]}}],"collection":[{"href":"https:\/\/katircihukuk.av.tr\/index.php?rest_route=\/wp\/v2\/pages"}],"about":[{"href":"https:\/\/katircihukuk.av.tr\/index.php?rest_route=\/wp\/v2\/types\/page"}],"author":[{"embeddable":true,"href":"https:\/\/katircihukuk.av.tr\/index.php?rest_route=\/wp\/v2\/users\/2"}],"replies":[{"embeddable":true,"href":"https:\/\/katircihukuk.av.tr\/index.php?rest_route=%2Fwp%2Fv2%2Fcomments&post=37"}],"version-history":[{"count":5,"href":"https:\/\/katircihukuk.av.tr\/index.php?rest_route=\/wp\/v2\/pages\/37\/revisions"}],"predecessor-version":[{"id":109,"href":"https:\/\/katircihukuk.av.tr\/index.php?rest_route=\/wp\/v2\/pages\/37\/revisions\/109"}],"wp:attachment":[{"href":"https:\/\/katircihukuk.av.tr\/index.php?rest_route=%2Fwp%2Fv2%2Fmedia&parent=37"}],"curies":[{"name":"wp","href":"https:\/\/api.w.org\/{rel}","templated":true}]}}